5)?
-3
Let z(c) = c**2 - 9*c - 12. Calculate z(14).
58
Let f(a) = -a**3 + 16*a**2 + 5*a - 97. Give f(16).
-17
Let a(b) = b**2 - 3*b - 11. Give a(5).
-1
Let l(d) = -d**3 + 9*d**2 + 21*d + 11. What is l(11)?
0
Let r(t) = 24*t**3 + 2*t**2 - 4*t + 3. Give r(1).
25
Let c(a) = 8*a - 50. What is c(-12)?
-146
Let c(j) = -j**3 + 7*j**2 - j - 8. Determine c(5).
37
Let r(i) = i**3 - 4*i**2 - 2*i + 1. What is r(-2)?
-19
Let j(n) = n**3 + n**2 + 2*n. Give j(-2).
-8
Let h(l) = -3*l**2 + 2*l - 6. Determine h(-5).
-91
Let v(g) = g**3 + 2*g**2 + 2*g + 6. Calculate v(-3).
-9
Let u(m) = m**2 - 8*m + 14. Give u(4).
-2
Let q(w) = w**3 - 4*w**2 + w - 12. What is q(5)?
18
Let b(z) = -5*z + 17. Determine b(32).
-143
Let r(p) = p**3 - 12*p**2 + 6*p - 1. Give r(12).
71
Let g(y) = y**3 - 7*y**2 - 20*y + 7. Give g(9).
-11
Let h(a) = 2*a**3 + 17*a**2 + 4*a - 26. Give h(-8).
6
Let b(l) = -l**3 - 6*l**2 - 16*l - 32. What is b(-4)?
0
Let v(u) = u**2 - 11*u - 81. Give v(16).
-1
Let y(v) = 9*v**2 + 41*v + 9. Give y(-4).
-11
Let k(z) = -z**2 - 39*z - 148. Determine k(-34).
22
Let j(l) = -l**2 + 6*l + 6. Give j(5).
11
Let q(p) = -2*p + 40. Calculate q(20).
0
Let t(g) = g**2 + 12*g - 63. Give t(-16).
1
Let o(g) = 2*g - 15. Give o(6).
-3
Let k(x) = -4*x**3 - 4*x + 3. Determine k(1).
-5
Let x(i) = -11*i**2 - 2*i + 9. What is x(3)?
-96
Let j(h) = h - 5. Give j(-4).
-9
Let v(b) = -b**3 + 4*b**2 + 5*b + 1. What is v(5)?
1
Let h(m) = -2*m + 1. Calculate h(-4).
9
Let l(z) = -z**2 - 19*z - 52. What is l(-16)?
-4
Let k(f) = 3*f**3 - f**2 + f. Determine k(1).
3
Let j(i) = -3*i + 4. Give j(-8).
28
Let j(n) = -n**3 - n**2 + 6. What is j(3)?
-30
Let v(f) = 2*f**3 + 22*f**2 - 2*f + 2. Give v(-11).
24
Let m(l) = -46*l - 237. Give m(-5).
-7
Let a(r) = r**3 + r**2 - r - 1. What is a(-1)?
0
Let y(j) = -j**3 - j + 51. Determine y(0).
51
Let j(n) = n**3 - 21*n**2 + 21*n - 28. Determine j(20).
-8
Let x(v) = 5*v - 148. Determine x(26).
-18
Let d(r) = r**2 + 11*r + 15. What is d(-11)?
15
Let f(n) = -6*n - 5. Give f(-3).
13
Let d(p) = 4*p**2 - 35*p + 22. Give d(8).
-2
Let r(w) = 6*w - 41. Determine r(10).
19
Let k(q) = 5*q - 105. Calculate k(24).
15
Let z(u) = u**2 - 10*u - 8. Calculate z(7).
-29
Let j(t) = -t**2 - 13*t + 4. Determine j(-11).
26
Let u(h) = -h**3 - 4*h**2 - 5*h - 8. Calculate u(-3).
-2
Let i(b) = b**2 - 13*b - 46. Calculate i(16).
2
Let h(o) = -o**3 + 6*o**2 + 9*o - 11. Determine h(7).
3
Let d(b) = b**3 - 4*b**2 + 4*b - 4. What is d(3)?
-1
Let m(i) = -i**3 + 2*i + 8. Give m(3).
-13
Let u(s) = 28*s - 161. Give u(6).
7
Let a(x) = -61*x - 425. Calculate a(-7).
2
Let w(o) = o**3 - 24*o**2 - 25*o + 2. Give w(25).
2
Let s(q) = -q**3 - 5*q**2 - 14*q - 64. Calculate s(-5).
6
Let g(q) = q**2 - 54*q + 203. Determine g(49).
-42
Let y(x) = x**2 + 11*x + 26. Determine y(-8).
2
Let y(a) = a**3 - 9*a**2 - 4*a + 6. What is y(9)?
-30
Let h(k) = -3*k**2 - 54*k + 111. Give h(2).
-9
Let m(v) = v**3 - 10*v**2 - 9*v + 16. Determine m(11).
38
Let w(o) = o**2 + 22*o + 94. What is w(-16)?
-2
Let m(j) = 24*j + 180. Give m(-7).
12
Let b(s) = -s**3 - 5*s**2 + 7*s - 6. Calculate b(-6).
-12
Let s(v) = 35*v**2 - 2*v + 1. Determine s(1).
34
Let d(k) = -2*k**3 - 8*k**2 + 6*k - 4. Determine d(-5).
16
Let d(l) = -l**2 - 2*l - 3. Give d(4).
-27
Let s(o) = -3*o + 1. Calculate s(0).
1
Let m(i) = -23*i + 17. Give m(1).
-6
Let k(x) = -2*x**2 + 5*x - 4. Calculate k(2).
-2
Let p(i) = 29*i**2 + 319*i + 8. Calculate p(-11).
8
Let x(w) = 9*w**3 - 3*w**2 - 2*w + 7. Give x(3).
217
Let x(n) = -n - 13. What is x(-11)?
-2
Let k(h) = h**2 + 4*h - 10. Give k(-7).
11
Let s(y) = 24*y + 45. Give s(-2).
-3
Let h(o) = -o**2 + 7*o + 2. Calculate h(12).
-58
Let l(v) = 14*v - 5. What is l(7)?
93
Let o(c) = -2*c - 2. What is o(-4)?
6
Let o(w) = 61*w + 308. What is o(-5)?
3
Let y(x) = -x**3 + 5*x**2 - 2*x - 4. Calculate y(4).
4
Let z(g) = -2*g**3 + 20*g**2 - 22*g + 43. Calculate z(9).
7
Let g(s) = -11*s**2 + 8*s - 5. Give g(1).
-8
Let a(l) = l**3 - l + 2. Calculate a(1).
2
Let q(i) = i**2 - 18*i + 52. Give q(14).
-4
Let f(o) = -o**3 - 11*o**2 + 8*o - 17. What is f(-12)?
31
Let l(r) = -r**3 + 5*r**2 + 5*r - 2. Calculate l(6).
-8
Let g(d) = -2*d**3 + 8*d**2 - 2*d - 3. Determine g(4).
-11
Let j(p) = 2*p**2 - 24*p - 44. What is j(-2)?
12
Let c(x) = 6*x + 9. Calculate c(3).
27
Let c(g) = -5*g. Calculate c(-4).
20
Let b(l) = -6*l + 3. Give b(-2).
15
Let r(f) = -f**3 + 7*f**2 - 9*f + 54. Give r(5).
59
Let d(u) = -11*u**3 + 2*u**2 + 6*u + 3. What is d(-2)?
87
Let h(y) = y**3 - 21*y**2 - 20*y - 17. What is h(22)?
27
Let k(l) = -26*l + 592. Calculate k(23).
-6
Let w(z) = -z**3 + z**2 + 13*z - 13. Calculate w(4).
-9
Let f(k) = -k**2 + 4*k + 14. Determine f(5).
9
Let x(b) = b**2 - 10*b - 26. Calculate x(13).
13
Let o(u) = -u**2 - 6*u + 392. Determine o(17).
1
Let d(o) = -57*o**2 + 5*o + 4. Calculate d(-1).
-58
Let d(b) = -b**3 - 16*b**2 - 13*b + 21. Determine d(-15).
-9
Let f(t) = t**3 - 9*t**2 + 6*t - 9. What is f(8)?
-25
Let q(j) = 2*j**3 - j - 1. Give q(0).
-1
Let i(p) = -5*p**2 + 9*p + 3. Give i(5).
-77
Let c(d) = 7*d - 30. Calculate c(6).
12
Let r(w) = 74*w + 4. What is r(2)?
152
Let r(s) = s**2 + 4. Give r(5).
29
Let q(h) = h**3 + 4*h**2 - 11*h - 1. Give q(-6).
-7
Let r(f) = -2*f**3 + 2*f**2 + 3*f - 4. Calculate r(1).
-1
Let p(x) = -2*x**2 - 24*x - 7. What is p(-13)?
-33
Let q(y) = y**3 + 10*y**2 - y + 7. Determine q(0).
7
Let l(v) = 7*v + 7. Give l(-15).
-98
Let d(y) = y**3 - 21*y**2 - 21*y. Give d(22).
22
Let m(k) = -k**3 + 8*k**2 - 13*k + 2. Give m(6).
-4
Let a(g) = g**3 - 17*g**2 + 35*g - 4. Determine a(14).
-102
Let r(v) = 9*v**2 + 82*v - 66. Give r(-10).
14
Let y(x) = x**2 - 18. What is y(-12)?
126
Let f(r) = -r + 8. Determine f(18).
-10
Let z(i) = 33*i + 11. What is z(-3)?
-88
Let u(x) = -x**2 + 44*x + 4. Give u(44).
4
Let p(y) = 5*y + 1. Give p(3).
16
Let t(n) = n**3 - n**2 + 2*n. What is t(2)?
8
Let t(i) = -2*i**3 - 12*i**2 + 5*i + 1. Determine t(-6).
-29
Let i(l) = -61*l**2 + 11*l - 9. What is i(1)?
-59
Let j(g) = g**3 - 2*g**2 - 25*g + 4. Determine j(6).
-2
Let g(f) = -f + 10. What is g(-10)?
20
Let i(o) = 2*o**2 + 3*o. Give i(-2).
2
Let i(t) = 2*t**3 + 5*t**2 + 8*t + 4. Calculate i(-2).
-8
Let c(y) = 2*y + 18. Give c(-20).
-22
Let a(f) = -f**3 - 42*f**2 - 81*f - 29. Calculate a(-40).
11
Let v(c) = -21*c - 49. Calculate v(-4).
35
Let x(u) = 13*u**2 - 2*u + 2. Give x(1).
13
Let h(j) = -j**3 - 8*j**2 - 16*j - 1. Give h(-3).
2
Let v(a) = 45*a + 275. Give v(-6).
5
Let m(c) = -2*c - 13. Determine m(-11).
9
Let g(q) = -15*q - 2. What is g(-3)?
43
Let n(g) = -g**2 - 14*g + 220. What is n(-24)?
-20
Let i(m) = 2*m**2 - 3*m - 2. Calculate i(4).
18
Let w(f) = -3*f - 3. Give w(-2).
3
Let t(m) = -2*m**3 + 11*m**2 + 8*m - 9. Give t(6).
3
Let p(b) = -49*b + 191. What is p(4)?
-5
Let s(a) = 14*a + 2. Calculate s(2).
30
Let c(f) = 3*f + 1. Give c(-2).
-5
Let k(d) = 50*d**2 + d - 1. Give k(1).
50
Let y(b) = b**2 - 9*b - 15. What is y(11)?
7
Let m(x) = x - 32. Give m(0).
-32
Let u(o) = o**3 + 9*o + 45. Determine u(-3).
-9
Let k(z) = z - 19. Calculate k(-21).
-40
Let t(x) = 2*x**2 + 4*x - 8. Give t(-4).
8
Let m(w) = -2*w + 4. Determine m(-1).
6
Let n(w) = -w**3 + w**2 - 2. Give n(-2).
10
Let z(v) = 4*v**2 + 84*v - 6. Determine z(-21).
-6
Let y(m) = -5*m - 12. Give y(-7).
23
Let m(k) = k**3 - 7*k**2 - 4*k - 29. Give m(9).
97
Let d(g) = -45*g - 399. Calculate d(-9).
6
Let q(s) = 4*s - 10. Determine q(3).
2
Let x(p) = 70*p. Give x(-1).
-70
Let v(a) = a**2 - 6*a - 22. Give v(7).
-15
Let t(u) = 2*u**2 + 27*u + 20. Calculate t(-12).
-16
Let y(o) = -7*o**2 + 2*o + 2. What is y(2)?
-22
Let h(l) = l**3 + 15*l**2 - 16*l. Calculate h(-16).
0
Let c(k) = k**3 - 7*k**2 + 7*k + 4. What is c(6)?
10
Let y(h) = h + 3. What is y(-2)?
1
Let g(l) = 43*l + 24. Calculate g(-3).
-105
Let t(a) = -a**2 + 74*a - 353. Calculate t(69).
-8
Let j(b) = -4*b**3 + b**2 + 2*b + 1. What is j(-2)?
33
Let v(q) = -q**2 - 4*q + 16. Give v(-7).
-5
Let x(u) = -u**3 - 5*u**2 + 3*u + 20. What is x(-5)?
5
Let f(w) = 2*w**2 - 3*w - 3. Determine f(-5).
62
Let p(k) = -3*k - 4. Give p(-4).
8
Let l(f) = -f**3 - f**2 - 4*f - 7. Determine l(0).
-7
Let s(t) = -t**3 - 8*t**2 + 2*t + 10. Give s(-8).
-6
Let l(y) = y**3 + 9*y**2 - 10*y - 14. What is l(-10)?
-14
Let o(s) = -s**2 - 18*s - 15. Calculate o(-11).
62
Le